ppose -2 = 2*u - 4*u. Let z(y) = 7*y - u + 4*y**3 + 3*y**3 - 8*y**3 + 5*y**2. Calculate z(g).
5
Let t(f) = -9*f**2 - 7*f + 13. Let q = 20 - 7. Let i(r) = -4*r**2 - 3*r + 6. Let x(y) = q*i(y) - 6*t(y). Calculate x(-2).
2
Let p(z) = -z**2 + 9*z - 7. Let t be p(8). Let d be 1 + t + 3 + -4. Let c(s) = 3*s**3. Calculate c(d).
3
Let m(r) = r + 6. Let l = 0 + 0. Let f be m(l). Let t(h) = -h**2 + 2*h + 8. Let v(z) = -z**2 + z + 9. Let k(g) = -5*t(g) + 4*v(g). Determine k(f).
-4
Let h(s) be the third derivative of -s**4/24 - 2*s**2. Let b(a) = a. Let p(l) = 5*b(l) + 6*h(l). Let f = -49 + 48. Determine p(f).
1
Let q(g) = -g - 1. Let o(z) = -z**3 - 9*z**2 - 14*z - 16. Let f(y) = -o(y) + 4*q(y). Calculate f(-8).
-4
Let a(x) = -5*x - 8 + 1 + 7*x + 2. What is a(6)?
7
Let w = -4 - -8. Let v(k) = k - 1. Let g be v(4). Let l(f) = -2 + 3*f + 1 - g*f - f. Determine l(w).
-5
Let m(x) = -4*x + x - 2 + 0*x + 2*x. Suppose 0 = 2*f - f - 3. Suppose 0 = -f*h - 14 + 2. Give m(h).
2
Let x be -2*((-8)/(-16) + 0). Let a(k) be the second derivative of k**5/10 - k**3/6 - k**2/2 - k. Calculate a(x).
-2
Let m(g) be the second derivative of g**4/6 - g**3/3 + g**2 + g. Let v(d) = d**2 - 3*d + 2. Let z(i) = 2*m(i) - 3*v(i). Give z(-3).
-8
Suppose 0 = -4*x - b - 8, -2*x = b + 2. Let y(d) = -6*d - 4 + 7*d + 1 - 2*d. Determine y(x).
0
Let o(k) = 5*k + 1. Suppose 3*d - 9 = 0, 6*y - 4*y = -2*d. Determine o(y).
-14
Let f(i) be the first derivative of -i**2/2 + 3. Determine f(-1).
1
Let j(v) = v**2 + 7*v + 6. Suppose 4*y = 8 + 20. Suppose 2*o = -y - 13. Let q be (o/4)/((-1)/(-2)). Determine j(q).
-4
Suppose -2*r = 3*k + 8, -5*r + 5*k - 1 = -6. Suppose -4*v + 11 = -z - 19, 19 = 3*v + z. Let u(q) = -v + 7 - 10*q. Determine u(r).
10
Let m = 23 - 19. Let o(w) = -6*w**2 + 2*w + 1. Let y be o(-1). Let x = m + y. Let k(l) = l**2 - 3. Calculate k(x).
6
Let z = -93 - -89. Let o(d) = d**2 + 2*d + 6. Give o(z).
14
Let p(q) be the second derivative of 0 - 3/2*q**2 + 7*q + 1/3*q**3 + 1/12*q**4. Determine p(-3).
0
Let f(j) = 3*j + j**3 - 4*j + 1 - 6*j**2 + 1 + 6. Give f(6).
2
Let y(m) = -2*m**2 - 2 - 2*m**2 + 4*m + m**2. Give y(2).
-6
Let n(c) = c**3 + 3*c**2 + c + 2. Suppose -17 = -2*b - 3*z, 5*z + 8 + 17 = 2*b. Let a = -2 + b. Let i be a/(-5) - 4/10. Determine n(i).
4
Let o(v) = -3*v - 29. Let f be o(-11). Let h(l) = l**2 - 3*l - 1. Determine h(f).
3
Let j(w) = -w**3 - 3*w**2 - 4*w - 3. Let a be j(-2). Let r(u) = u**2 - 1. Let h(k) = 3*k**2 - 5. Let t(i) = h(i) - 6*r(i). Give t(a).
-2
Let d(q) = -17*q**2 + q - 1. Suppose -2 = 4*z + 2*u, u = 4*z + 4*u + 5. What is d(z)?
-17
Let f(u) = -u**3 - 2*u**2 + 2*u + 1. Let x = 21 - 61. Let p = x + 58. Let l be 1/(-5) - p/10. Calculate f(l).
-3
Let p(y) = -11*y**2 - 10*y - 4. Let f(n) = -n + 2 + 6*n + 1 + 7*n**2 + 2*n. Let l(t) = 7*f(t) + 5*p(t). Give l(1).
-6
Let q(b) = -b + 7. Let v(z) = 12 - z - z + 1. Let y(s) = 5*q(s) - 2*v(s). Let f be y(6). Let j(x) = -x**3 + 2*x**2 + 5*x - 2. What is j(f)?
4
Let j(f) be the second derivative of f**3/6 + f**2 + 24*f. Let g(l) = l**3 - 5*l**2 + 2*l + 2. Let c be g(4). Give j(c).
-4
Let j be ((-15)/(-3))/(1 - 0). Let g(r) = r - 4. What is g(j)?
1
Let o(k) = k**3 - 5*k**2 + 1. Let l be o(5). Suppose 0 = -g - f - l + 2, -2*f + 8 = 0. Let x(a) = a - 1 - 5*a + 5*a. Give x(g).
-4
Let d(p) = 4*p**3 + 2*p**2 - 3*p + 2. Let x be d(1). Let k(n) be the third derivative of -n**6/120 + n**5/10 - n**4/4 + n**3/3 + n**2. What is k(x)?
-3
Let j(u) = u + 1. Let r be 2/(4/(-10))*-1. Let a = -14 - -22. Let v = a - r. Give j(v).
4
Let c(q) = -2 - 20*q + q + 18*q. What is c(5)?
-7
Let o be (-1)/1 + -2 + 2. Let c = o + 0. Let b(u) = 0*u**2 - 10*u**2 + 3*u - 3*u. Give b(c).
-10
Let q be (-10)/(-3)*(-9)/(-6). Let v(i) = -i + 26. Let t be v(23). Let h(z) = 3*z + 3. Let f(o) = -2*o - 2. Let m(d) = q*f(d) + t*h(d). Determine m(2).
-3
Let w(q) = 5 - 8 + 3*q**2 - 3*q - q**3 + 3*q - 3*q. Determine w(3).
-12
Let h(l) be the second derivative of l**4/12 - l**3/6 + 2*l. Let x(q) = 4*q**2 - 9*q + 1. Let p(g) = -5*h(g) + x(g). Let c be (-2)/(-5) - 17/5. Give p(c).
4
Suppose -3*o = -2 - 4. Suppose -43 = -3*z + 5*n, n - 29 = -4*z + o*n. Let t(c) = -2*c - z*c**2 - 2 - c**3 + 2*c**3 - 2*c**3 - 3*c. Give t(-5).
-2
Let k be ((-1)/2)/(-1)*0. Let c be k/(-2)*(4 + -3). Let s(h) = c - 1 - h**2 + 5*h**2. What is s(1)?
3
Let a(n) = -n**3 - 8*n**2 + 8*n + 2. Suppose -5*t - 45 = -3*o, t + 2*t + 27 = -o. Give a(t).
11
Let x(v) = v - 3. Let c(z) = -z + 2. Let d(o) = o - 2. Let a be d(6). Let p(q) = a*x(q) + 5*c(q). Let y be 0/((-8)/(-2)) + -5. What is p(y)?
3
Let v(q) = -q**2 + 5*q + 1. Suppose 5 = 2*z - 1. Suppose -4*k + 9 = -z. Give v(k).
7
Let g(z) = -z. Suppose -3*m + 4*s - 4 = 0, -3 - 5 = -2*s. Suppose m*b + b = 10. Suppose 0 = -4*h - 8, b*t + 3*h + 9 = 3*t. What is g(t)?
-3
Let j(y) = y**2 + 2*y. Let p(v) = 6*v**2 + 10*v. Let s(w) = 11*j(w) - 2*p(w). Let m(b) = -3*b**2 + 71*b + 102. Let q be m(25). What is s(q)?
0
Let t(x) = -2*x + 29. Let n(u) = u - 15. Let y(g) = -7*n(g) - 4*t(g). Determine y(0).
-11
Let u be (-3 - (2 - 5))/1. Let g(c) be the first derivative of -4 + u*c**2 - 9*c + 1/3*c**3. Give g(0).
-9
Let o(l) = 2*l + 3*l - 4*l - l**2. Let y be -8 + 6 + 8/(-4). Let h be (-4)/y - (-1)/(-1). What is o(h)?
0
Let k(b) = 2*b**2 + b. Let r be k(-3). Suppose -r = 4*f + 5. Let l(q) = q**2 + 3*q - 4. Calculate l(f).
6
Let z be ((-6)/(-8))/((-2)/8). Let o(f) be the third derivative of f**4/24 + 2*f**3/3 - 5*f**2. What is o(z)?
1
Suppose 0 = -4*w - n + 19, -5*w - n = -25. Let o(q) = -q**2 + 6*q - 5. Let z be o(w). Let a be 2/5 + 27/z. Let i(j) = j**3 + 6*j**2 + 3*j - 2. Calculate i(a).
8
Let l(y) = 3*y - 2. Let m(n) = -3*n + 2. Let d(g) = -3*l(g) - 4*m(g). Determine d(5).
13
Let b(q) = q**3 + 5*q**2 + 3*q + 3. Let c be (3 + (-3)/3)*-2. Give b(c).
7
Suppose 2*m - 4*m + 4 = 0. Let r(n) = n - n**m - 7*n + 3*n**2 - n**2. Give r(6).
0
Let z(l) = -l**2 - l + 5. Let b be z(0). Suppose b*x = 15, -2*d + x = -1 - 0. Let v(f) = 6*f**2 - f**2 + d*f - 4*f**2. Calculate v(-2).
0
Let b(w) = -w**3 + 4*w**2 - 3*w + 2. Suppose -3 = 4*k + 5*v, v - 11 + 2 = -4*k. Suppose x = -k*x. Suppose x = 5*n - 3*n - 6. Give b(n).
2
Let v(r) be the second derivative of 0 + 1/6*r**4 + 3/2*r**2 - 6*r + 1/20*r**5 - 1/2*r**3. What is v(-3)?
3
Let z(c) be the third derivative of 1/6*c**3 + 0 + 1/120*c**6 + 1/12*c**5 - 1/12*c**4 - 7*c**2 + 0*c. Calculate z(-5).
11
Let d(h) = -3 + 0*h - 8*h**2 + 4*h + 0*h**3 - h**3. Let z(k) = 4*k**3 + 33*k**2 - 15*k + 12. Let i(o) = -9*d(o) - 2*z(o). What is i(-7)?
-4
Let v be 3*(1 + -2) + 3. Let i(k) = -6 + k - 6 + 2 + v. Let d be i(7). Let l(u) = -u**2 - 3*u - 1. Calculate l(d).
-1
Let n(m) = -m + 3. Let i be 3/(9/(-4))*-3. Let k be n(i). Let j(r) = r - 3*r + r + r**2 - 6*r**3 - 3*r**2. What is j(k)?
5
Let j(o) = 2 - 146*o + 152*o - 4 - o**2. Determine j(4).
6
Let o(s) be the second derivative of 4*s**3/3 - s. Suppose -4*h - 1 = 2*x + x, 0 = -4*x - 5*h. Suppose 20 = -5*b, 3*k = k + x*b + 22. Determine o(k).
8
Let k(x) = -x**2 + 6*x - 3. Let j(f) = 1. Let g(r) = -6*j(r) - k(r). Give g(4).
-11
Let f(i) = -i**2 - i + 1. Let j(x) = -x**3 + x**2 + x. Let t be j(0). Determine f(t).
1
Let s(n) = -2*n**2 + 5*n. Let l(k) = -7*k**3 - 1. Let w be l(-1). Let p(v) = -w + 7 + v**2 - 2*v - 1. Let i(d) = 5*p(d) + 3*s(d). What is i(5)?
0
Let o(f) = 2*f + 2*f - 2 + 4 - f**2. Suppose 0 = -3*s + p + 11, -5*p + 35 = 3*s - 0*s. Calculate o(s).
-3
Let y(v) be the first derivative of -v**3/3 + 2*v**2 - 3*v + 8. Give y(2).
1
Let w(k) = k**2 - 7*k + 6. Suppose -4*v - 42 + 10 = -3*q, 0 = 4*q - 5*v - 41. Determine w(q).
-6
Let h = 2/33 + 3/11. Let k(y) be the second derivative of h*y**4 + 5/2*y**2 + 0 - 1/6*y**3 + 1/20*y**5 - 3*y. Calculate k(-4).
9
Suppose -4*q - m - 24 = 0, -4*q = 3*m - 6*m + 24. Let i(z) = -8 - 80*z**3 + 79*z**3 - 8*z - 2 - 7*z**2 + 2. What is i(q)?
4
Let m(b) = 2*b**2 + 5*b - 3. Let c(d) = 2 - 15*d + 5*d - 5*d**2 + 5. Let a(h) = -3*c(h) - 7*m(h). What is a(5)?
0
Let o(k) = -k**3 - 10*k**2 + k + 10. Let n be o(-10). Let p(t) = -t**2 + 3 + 2*t - 4 - 3*t + n*t. What is p(2)?
-7
Let u(a) be the second derivative of a**4/6 + a**3/6 - a. Suppose 12 = -10*s + 4*s. Give u(s).
6
Let n(s) be the third derivative of s**7/1680 + s**6/360 - s**5/15 + 2*s**2. Let c(d) be the third deriva